hat is 11201 - 10?
11121
In base 8, what is -32 - 437?
-471
In base 7, what is 5 - 103?
-65
In base 11, what is 10aa + 0?
10aa
In base 16, what is 15d - 4?
159
In base 8, what is -14067 - -5?
-14062
In base 14, what is -111 + 8?
-107
In base 9, what is -120 + -1?
-121
In base 16, what is 5 - -342?
347
In base 3, what is 20 + -221?
-201
In base 8, what is -355 - -34?
-321
In base 2, what is 110110010 - -10?
110110100
In base 13, what is -1 - 9?
-a
In base 6, what is -10 - 542?
-552
In base 7, what is -106 - -10?
-66
In base 4, what is -21 - 202332?
-203013
In base 16, what is 5 + 928?
92d
In base 8, what is 3552 - 2?
3550
In base 11, what is 2212 + -a?
2203
In base 9, what is -6 - 46?
-53
In base 6, what is -40 + -2?
-42
In base 4, what is 20 - -11?
31
In base 14, what is -c + -4?
-12
In base 10, what is 1229 - 3?
1226
In base 11, what is 15 + 5?
1a
In base 9, what is -1 - 273?
-274
In base 16, what is 1b5 + 2?
1b7
In base 7, what is -3 + -25?
-31
In base 11, what is -1 + 455?
454
In base 2, what is -1 - -10000101100?
10000101011
In base 2, what is -1 - 100010?
-100011
In base 8, what is -10 - 60?
-70
In base 14, what is -3 + 12a?
127
In base 12, what is 1 + a17?
a18
In base 12, what is 7b - -3?
82
In base 7, what is -440 - 61?
-531
In base 12, what is 3a - -2?
40
In base 8, what is 5 - 1255?
-1250
In base 2, what is 1101110001 + 11?
1101110100
In base 15, what is 15 - 4?
11
In base 3, what is 101 + 12201?
20002
In base 4, what is 31212 - 3?
31203
In base 12, what is 4 - 495?
-491
In base 12, what is 164 - 1?
163
In base 7, what is 65 + -2?
63
In base 11, what is 283 - -25?
2a8
In base 12, what is -47 + 42?
-5
In base 9, what is -3 + 6?
3
In base 3, what is 10 + -1012?
-1002
In base 6, what is -5 - -25?
20
In base 7, what is -4 - 6132?
-6136
In base 5, what is 323 + 2?
330
In base 13, what is 20c - 0?
20c
In base 11, what is 545 - 5?
540
In base 16, what is -3 + -28?
-2b
In base 12, what is -2 + -37a5?
-37a7
In base 14, what is 2 + 342?
344
In base 14, what is -10 - -a?
-4
In base 8, what is 6 + -524?
-516
In base 5, what is 12 + -123?
-111
In base 3, what is -1 - 1111001?
-1111002
In base 3, what is 0 - 2000?
-2000
In base 7, what is 4 - 53?
-46
In base 13, what is 3a9 + 4?
3b0
In base 2, what is 101 + -101010011?
-101001110
In base 14, what is 675 + -2?
673
In base 14, what is -5 + -c?
-13
In base 6, what is 2 - -35?
41
In base 16, what is -40 - -2?
-3e
In base 6, what is -43 + 4?
-35
In base 3, what is -110112 + -22?
-110211
In base 2, what is 1011101111 - 101?
1011101010
In base 4, what is -32102 + 11?
-32031
In base 13, what is 2 - -245?
247
In base 13, what is 3 - a?
-7
In base 4, what is -11231 + -12?
-11303
In base 4, what is 13213 - 11?
13202
In base 2, what is -100111 - 10001?
-111000
In base 5, what is 3 - 2434?
-2431
In base 13, what is 8b - -4?
92
In base 4, what is -10 - -200?
130
In base 9, what is -8 + 37?
28
In base 7, what is -5413 - 1?
-5414
In base 12, what is 11 + -16?
-5
In base 8, what is -14 - -15?
1
In base 7, what is 6 + -663?
-654
In base 7, what is -503 + -12?
-515
In base 14, what is 111 - -2c?
13d
In base 12, what is -a + -6?
-14
In base 9, what is 528 + 3?
532
In base 8, what is 6 - -512?
520
In base 9, what is 3 + -34?
-31
In base 9, what is -7 + 323?
315
In base 12, what is 0 - -10?
10
In base 15, what is -2 - 1c19?
-1c1b
In base 4, what is -2303 + -12?
-2321
In base 5, what is 301 + 101?
402
In base 9, what is -520 - 24?
-544
In base 3, what is 11120100 - -2?
11120102
In base 11, what is -112 + -4?
-116
In base 6, what is 242 + 2?
244
In base 12, what is -b3 + 175?
82
In base 3, what is -20212 - 11?
-21000
In base 11, what is 9 - 13?
-5
In base 11, what is 2 - 348?
-346
In base 8, what is 5 + -742?
-735
In base 10, what is -9 - -14?
5
In base 11, what is -5 - -2402?
23a8
In base 8, what is -71 - 4?
-75
In base 14, what is -5d + -15?
-74
In base 16, what is -1 + -6e?
-6f
In base 9, what is 734 - -1?
735
In base 3, what is 120112 - -1?
120120
In base 9, what is -60 - 3?
-63
In base 8, what is 273 + -1?
272
In base 4, what is 13 - -10132?
10211
In base 15, what is 2 - -2182?
2184
In base 10, what is -68 - -38?
-30
In base 3, what is 1022 + -11?
1011
In base 10, what is 67 + -134?
-67
In base 9, what is 11 + -42?
-31
In base 15, what is -12 + 48c?
47a
In base 14, what is -92 + -3a?
-cc
In base 6, what is 2 + 45044?
45050
In base 10, what is 482 + 1?
483
In base 7, what is 10 - 35?
-25
In base 13, what is -302 - -5?
-2ca
In base 15, what is 9 + -6?
3
In base 10, what is 12 - -35?
47
In base 8, what is 1 - -346?
347
In base 5, what is 10 + -1100?
-1040
In base 5, what is -100 + 220?
120
In base 11, what is -5 + -119?
-123
In base 10, what is 8 + 231?
239
In base 4, what is 3 + 113?
122
In base 6, what is 1134 - -4?
1142
In base 4, what is -2 - -101222?
101220
In base 14, what is 298 + 3?
29b
In base 11, what is -16 - 57?
-72
In base 12, what is 3 + 17?
1a
In base 14, what is a + -94?
-88
In base 10, what is -740 - 0?
-740
In base 2, what is -100100 - -1101000?
1000100
In base 16, what is 2 - 88?
-86
In base 13, what is -1111 + -4?
-1115
In base 3, what is 2121201 + -10?
2121121
In base 6, what is -234 - -11?
-223
In base 13, what is 5 - -27?
2c
In base 14, what is 200 + -13?
1cb
In base 10, what is 2 - -61?
63
In base 5, what is 420 - -2?
422
In base 14, what is -2d + 40?
11
In base 8, what is 247 - -125?
374
In base 14, what is -717 + b?
-70a
In base 7, what is -133 - -15?
-115
In base 11, what is 3 - -438?
440
In base 4, what is -1222123 + 1?
-1222122
In base 13, what is 218b + -4?
2187
In base 8, what is 237 - 5?
232
In base 7, what is -1 + 203?
202
In base 2, what is 100 - -11110?
100010
In base 9, what is 1 - -434?
435
In base 3, what is 20211 - -222?
21210
In base 6, what is -3 - 51112?
-51115
In base 6, what is -1043 + -3?
-1050
In base 8, what is 1025 - 35?
770
In base 14, what is 9d + -4?
99
In base 2, what is 101100110 - -1?
101100111
In base 15, what is 0 + -10?
-10
In base 6, what is 1425 + -5?
1420
In base 12, what is a6 + 2a?
114
In base 10, what is 13 - 58?
-45
In base 9, what is -4 - 8?
-13
In base 5, what is -2 - -231?
224
In base 15, what is 168 - -5?
16d
In base 7, what is -5 + -14466?
-14504
In base 5, what is 14 + -2?
12
In base 9, what is 64 - 12?
52
In base 6, what is 114 + -10?
104
In base 4, what is 113110 + 13?
113123
In base 14, what is -2 + d?
b
In base 14, what is 68 + -b?
5b
In base 8, what is 25 - -627?
654
In base 15, what is 8b0 + -1?
8ae
In base 9, what is -266 + -3?
-270
In base 10, what is -8 - 5?
-13
In base 11, what is -5 - -28?
23
In base 3, what is 110 - -2200?
10010
In base 16, what is 3 - 172?
-16f
In base 2, what is -1010001111010 - -1?
-1010001111001
In base 5, what is -21 - 300?
-321
In base 16, what is b - -c?
17
In base 15, what is -6 + -36?
-3c
In base 2, what is 1000001110 + -1?
1000001101
In base 13, what is 4c - -1?
50
In base 3, what is -122 + 1021?
122
In base 2, what is -100011000 - -100?
-100010100
In base 14, what is 6 - -54c?
554
In base 10, what is -4881 - 1?
-4882
In base 16, what is -7 - 21?
-28
In base 13, what is -36a + 1?
-369
In base 9, what is -6 - -2?
-4
In base 4, what is 1 + -1100?
-1033
In base 5, what is 312 + -1?
311
In base 9, what is 502 + 10?
512
In base 8, what is -2357 - 0?
-2357
In base 10, what is 26 + -6?
20
In base 14, what is -153 - 2?
-155
In base 16, what is 1f + 2?
21
In base 8, what is -2601 - -3?
-2576
In base 15, what is 985 + -1?
984
In base 14, what is -1 + -24?
-25
In base 12, what is -1a9 + 2?
-1a7
In base 14, what is 14 - -60?
74
In base 5, what is 103 + -4?
44
In base 13, what is 1b9c - 4?
1b98
In base 14, what is -7b1 + 3?
-7ac
In base 7, what is -2641 + -2?
-2643
In base 11, what is a9 + -4?
a5
In base 6, what is 32502 - -3?
32505
In base 16, what is 1a + 1a5?
1bf
In base 13, what is -2 + -75?
-77
In base 10, what is 7 - 5?
2
In base 6, what is -13155 + 1?
-13154
In base 4, what is -11 - 20303?
-20320
In base 8, what is -61 - -351?
270
In base 15, what is -4d + -18?
-66
In base 12, what is -30 + -1a?
-4a
In base 10, what is 3104 - 1?
3103
In base 3, what is -222 + -12?
-1011
In base 10, what is -1422 - 4?
-1426
In base 2, what is 1010011011 + 101?
1010100000
In base 9, what is 11 + -50?
-38
In base 9, what is -26 + -11